or of 2959 and 571894?
269
What is the highest common divisor of 211562 and 52?
26
Calculate the highest common factor of 75322 and 104.
26
What is the highest common divisor of 786774 and 18?
6
What is the highest common divisor of 9 and 7941?
3
What is the highest common divisor of 175 and 8425?
25
What is the highest common factor of 160 and 241300?
20
What is the highest common factor of 21798 and 23528?
346
What is the greatest common divisor of 5375 and 250?
125
What is the highest common factor of 84856 and 196?
4
Calculate the greatest common factor of 695 and 18210.
5
What is the greatest common factor of 138496 and 28?
4
Calculate the highest common factor of 40297 and 59.
59
Calculate the greatest common factor of 646 and 833.
17
Calculate the highest common divisor of 238 and 1448213.
17
What is the highest common divisor of 922912 and 7852?
604
Calculate the greatest common factor of 315 and 334810.
35
Calculate the greatest common divisor of 28 and 7822.
2
Calculate the highest common factor of 1603751 and 122.
61
Calculate the greatest common factor of 65 and 100074.
13
What is the greatest common factor of 1046756 and 501?
167
Calculate the highest common factor of 427986 and 236.
118
What is the highest common factor of 10 and 452810?
10
What is the highest common factor of 490 and 1491119?
49
Calculate the greatest common divisor of 6032 and 145.
29
What is the highest common divisor of 4 and 1021866?
2
What is the highest common divisor of 428 and 16164?
4
Calculate the highest common divisor of 5652 and 41919.
471
Calculate the highest common divisor of 8162 and 938.
14
What is the highest common divisor of 454997 and 67?
67
What is the greatest common divisor of 265 and 239560?
265
What is the greatest common factor of 240 and 35184?
48
Calculate the greatest common divisor of 48 and 1044.
12
What is the highest common factor of 10576 and 80?
16
What is the greatest common divisor of 52228 and 44?
44
Calculate the highest common factor of 1024 and 200.
8
Calculate the greatest common factor of 10270543 and 59.
59
What is the highest common divisor of 22 and 653884?
22
What is the greatest common divisor of 4544 and 192?
64
Calculate the highest common divisor of 44194 and 12578.
38
What is the highest common divisor of 53335 and 30?
5
Calculate the highest common factor of 5412 and 124353.
123
What is the highest common divisor of 269273 and 268?
67
What is the highest common divisor of 1350 and 300?
150
What is the highest common factor of 10919 and 1586?
61
What is the greatest common factor of 7600 and 5947?
19
Calculate the greatest common divisor of 45315 and 190.
95
Calculate the highest common factor of 99 and 459492.
33
What is the greatest common factor of 11976 and 1464?
24
What is the greatest common factor of 18 and 19496?
2
Calculate the greatest common factor of 5725 and 942335.
1145
Calculate the greatest common divisor of 238 and 5019182.
238
What is the greatest common factor of 438 and 772778?
146
What is the highest common factor of 90 and 87705?
45
Calculate the greatest common factor of 76635 and 39.
39
Calculate the greatest common factor of 4104 and 1064.
152
What is the highest common divisor of 3056 and 7424?
16
What is the highest common divisor of 865 and 470387?
173
What is the highest common divisor of 80215 and 1315?
1315
Calculate the highest common factor of 21242 and 17043.
247
What is the highest common divisor of 22506 and 1674?
186
What is the highest common divisor of 7828 and 8652?
412
What is the greatest common divisor of 10649379 and 78?
39
What is the greatest common factor of 95705 and 5?
5
What is the highest common factor of 972 and 145152?
324
Calculate the greatest common factor of 54 and 110232.
18
What is the highest common factor of 30 and 78570?
30
What is the greatest common factor of 7166708 and 276?
92
Calculate the highest common divisor of 33785 and 290.
145
What is the highest common divisor of 357605 and 185?
185
What is the greatest common factor of 506 and 299782?
46
What is the greatest common divisor of 117 and 11401?
13
Calculate the greatest common divisor of 4235 and 595.
35
What is the highest common divisor of 15294 and 12?
6
What is the greatest common divisor of 1145 and 4510155?
1145
What is the highest common divisor of 17910 and 199?
199
Calculate the highest common divisor of 128740 and 1960.
20
What is the greatest common factor of 21875 and 161?
7
Calculate the greatest common factor of 47 and 139637.
47
What is the greatest common divisor of 5873167 and 29?
29
Calculate the greatest common divisor of 19295 and 1610.
5
What is the highest common factor of 36986 and 2?
2
What is the highest common factor of 44879 and 1?
1
Calculate the highest common factor of 69 and 80063.
23
Calculate the greatest common factor of 80800 and 4545.
505
Calculate the highest common divisor of 871 and 2881.
67
What is the highest common factor of 1439453 and 652?
163
Calculate the highest common factor of 2697 and 119451.
87
What is the highest common divisor of 233586 and 54?
18
What is the greatest common factor of 1657120 and 112?
16
Calculate the highest common divisor of 1550013 and 705.
141
What is the highest common factor of 6539 and 53821?
503
What is the highest common divisor of 43263 and 3496?
437
What is the highest common divisor of 2990 and 392725?
115
Calculate the highest common factor of 200090 and 1498.
214
What is the highest common divisor of 164860 and 10?
10
What is the greatest common factor of 810 and 76410?
270
What is the highest common divisor of 616 and 7868?
28
What is the greatest common divisor of 95 and 82185?
5
Calculate the highest common factor of 1145 and 1275.
5
Calculate the highest common divisor of 4174348 and 8.
4
What is the greatest common divisor of 24 and 52290?
6
What is the highest common factor of 8052 and 28853?
671
Calculate the highest common factor of 197245 and 206.
103
Calculate the highest common divisor of 22 and 63140.
22
What is the greatest common divisor of 581 and 1909?
83
What is the highest common factor of 145236 and 2772?
84
What is the greatest common divisor of 891188 and 124?
124
Calculate the highest common divisor of 184 and 2566708.
92
What is the greatest common divisor of 539 and 122353?
539
Calculate the highest common factor of 196625 and 99.
11
What is the highest common factor of 43281 and 945?
189
What is the greatest common factor of 27565 and 185?
185
Calculate the highest common divisor of 140 and 894320.
140
Calculate the greatest common factor of 60324 and 64.
4
Calculate the greatest common divisor of 6 and 1342.
2
Calculate the greatest common factor of 95737 and 3.
1
Calculate the highest common divisor of 1832 and 640.
8
What is the greatest common factor of 17675 and 122311?
707
Calculate the highest common divisor of 188 and 19317.
47
Calculate the highest common divisor of 56386 and 4427.
233
What is the greatest common factor of 82852 and 4466?
154
What is the greatest common factor of 1690 and 5650?
10
What is the highest common factor of 98098 and 6578?
286
Calculate the highest common divisor of 5350 and 20.
10
Calculate the highest common factor of 37067 and 404.
101
What is the greatest common factor of 91326 and 1674?
186
Calculate the highest common divisor of 151085 and 18491.
451
Calculate the highest common factor of 4736 and 962.
74
Calculate the greatest common factor of 632 and 1193374.
158
Calculate the greatest common factor of 720490 and 40.
10
What is the highest common factor of 1053 and 16419?
39
Calculate the highest common factor of 1147 and 4181.
37
Calculate the greatest common divisor of 74750 and 806.
26
What is the highest common factor of 284908 and 104?
52
Calculate the highest common divisor of 1754950 and 10.
10
Calculate the greatest common factor of 96 and 2538752.
32
What is the greatest common divisor of 65151 and 635?
127
What is the greatest common divisor of 33 and 55011?
33
What is the greatest common divisor of 17 and 1596827?
17
Calculate the highest common divisor of 10668 and 24.
12
Calculate the greatest common divisor of 66494 and 2.
2
What is the highest common divisor of 330505 and 490?
245
Calculate the greatest common factor o